r**3 - 51*r**2 + 355*r - 2648. Give v(-58).
310
Let p(y) = 20*y**2 + 170*y - 2158. Determine p(-15).
-208
Let h(j) = -j**3 + 59*j**2 - 245*j + 12123. What is h(58)?
1277
Let g(u) = 2244*u + 27177. Give g(-12).
249
Let j(q) = 10549*q + 94849. Give j(-9).
-92
Let x(t) = 5*t**2 - 29*t + 146. Give x(5).
126
Let c(j) = 1121*j**2 - 19070*j + 221. Determine c(17).
0
Let i(g) = -2613*g - 4667. Determine i(-2).
559
Let l(t) = -t**2 + 2679*t + 409527. What is l(-145)?
47
Let a(q) = -674*q**2 + 40433*q + 130. What is a(60)?
-290
Let o(w) = -20*w**2 - 7*w + 10. Give o(2).
-84
Let w(i) = i**3 - 60*i**2 - 478*i + 464. Give w(67).
-139
Let o(d) = d**3 + 536*d**2 - 26770*d - 109. Give o(46).
-17
Let a(d) = 10657*d - 14. Give a(0).
-14
Let f(j) = 1070*j - 763975. Calculate f(714).
5
Let c(v) = -v**3 - 3*v**2 + 444*v - 1959. Calculate c(5).
61
Let g(k) = 7107*k + 191872. Give g(-27).
-17
Let o(c) = -1052*c**2 + 16852*c - 335. What is o(16)?
-15
Let l(a) = -491*a - 21303. What is l(-43)?
-190
Let h(q) = -q**3 + 50*q**2 + 1309*q + 270. What is h(69)?
132
Let x(q) = q**3 - 5*q**2 - 1172*q - 6922. Calculate x(-6).
-286
Let k(m) = -4*m**3 - 918*m**2 - 3112*m + 11740. What is k(-226)?
-12
Let m(b) = b**2 - 9*b + 98. Give m(15).
188
Let t(c) = -c**3 - 20*c**2 + 11*c - 110. Determine t(-21).
100
Let c(r) = -2*r**2 + 185328*r + 1668112. Determine c(-9).
-2
Let v(x) = -x**3 + 65*x**2 + 244*x + 237. Give v(68).
2957
Let r(w) = -233*w - 189. Determine r(-2).
277
Let f(z) = -21*z**2 + 1250*z - 13662. Give f(45).
63
Let h(z) = -2*z**3 + 169*z**2 - 73*z + 152. Give h(84).
1076
Let v(q) = q**2 - 6952*q - 90604. Give v(-13).
-59
Let b(v) = -3*v**2 - 22912*v + 206116. Give b(9).
-335
Let n(h) = 4589*h - 9168. Give n(2).
10
Let r(n) = -33*n**2 - 2439*n + 212. Determine r(-74).
-10
Let b(a) = 28*a**3 + 238*a**2 + 473*a + 32. Calculate b(-5).
117
Let b(h) = -15*h**2 + 1360*h - 7226. Give b(85).
-1
Let m(d) = -58*d - 5237. Calculate m(-76).
-829
Let g(b) = -48*b**2 - 605*b + 62. Give g(-13).
-185
Let r(n) = 6720*n + 1068485. What is r(-159)?
5
Let i(g) = -31*g**3 - 13*g**2 - 33*g - 53. Calculate i(-2).
209
Let a(x) = -2*x**3 - 562*x**2 - 31670*x - 409. Calculate a(-203).
-3
Let r(y) = 63368*y + 3485242. Calculate r(-55).
2
Let j(s) = 13*s**3 - 539*s**2 + 4378*s - 246. Determine j(11).
-4
Let r(u) = 1584*u + 281957. Give r(-178).
5
Let g(b) = -80*b**2 - 383*b - 271. Give g(-4).
-19
Let p(z) = -z**3 - 42*z**2 + 260*z + 6675. Calculate p(-44).
-893
Let n(a) = -4880*a + 922342. Calculate n(189).
22
Let t(z) = z**2 + 23938*z - 119713. Determine t(5).
2
Let z(c) = -34*c**2 + 2275*c - 1. What is z(0)?
-1
Let z(t) = -2*t**3 - 128*t**2 + 241*t + 45. Determine z(2).
-1
Let m(a) = -6*a**2 + 234*a + 97. Give m(39).
97
Let a(d) = -d**3 + 1298*d**2 - 11553*d - 370. Calculate a(9).
62
Let j(q) = -3*q**2 - 162*q - 2937. Give j(-22).
-825
Let m(t) = -2*t**2 - 728*t - 33492. What is m(-310)?
-12
Let s(f) = -5*f**2 - 4411*f - 185195. What is s(-838)?
3
Let v(m) = 2580*m**2 + 10394*m - 7. What is v(-4)?
-303
Let n(d) = -d**3 + 40*d**2 + 22*d - 192. Determine n(39).
2187
Let q(g) = -g**3 + 25*g**2 - 77*g - 80. Calculate q(21).
67
Let n(o) = -2*o**2 - 93*o - 1295. What is n(-38)?
-649
Let s(d) = 249784*d - 15486602. Determine s(62).
6
Let p(w) = -96*w**2 - 2681*w - 18339. Give p(-12).
9
Let y(t) = -868*t**2 - 4326*t - 66. What is y(-5)?
-136
Let l(f) = 321*f**3 - 2249*f**2 + 6*f + 30. What is l(7)?
-26
Let o(f) = -183*f**2 + 147*f - 6. Give o(-2).
-1032
Let p(q) = -18770192*q + 6. Determine p(0).
6
Let t(a) = -236*a**2 - 3313*a + 152. Give t(-14).
278
Let o(w) = w**3 - 36*w**2 - 2541*w + 91510. What is o(36)?
34
Let p(z) = -858*z - 46472. Determine p(-54).
-140
Let t(l) = -9*l**2 - 587*l - 4951. What is t(-10)?
19
Let h(u) = 4213*u + 762481. Determine h(-181).
-72
Let x(m) = -9*m**2 + 66*m + 6265. What is x(30)?
145
Let t(v) = 4*v**2 - 2506*v + 338443. What is t(197)?
-3
Let h(k) = k**3 + 284*k**2 + 1082*k - 10632. What is h(-280)?
8
Let h(j) = 8921*j + 214214. Calculate h(-24).
110
Let o(x) = -319*x - 39331. What is o(-123)?
-94
Let h(y) = -45428*y - 772343. Determine h(-17).
-67
Let w(d) = -25075*d + 125382. Give w(5).
7
Let q(u) = -u**3 + 82*u**2 + 81*u + 162. Calculate q(83).
-4
Let l(c) = c**2 + 15*c - 121. Determine l(4).
-45
Let p(h) = 2*h**3 - 173*h**2 + 169*h + 7481. Determine p(85).
171
Let h(b) = 2*b**3 + 69*b**2 + 197*b + 3698. Give h(-34).
-1844
Let m(i) = 10*i**3 + 19*i**2 - i + 12. What is m(-3)?
-84
Let w(y) = 72*y**2 + 232*y + 66. Give w(-4).
290
Let u(k) = k**3 - 67*k**2 + 1069*k - 10. Give u(26).
68
Let c(o) = -1884*o - 8270. Calculate c(-4).
-734
Let p(j) = 1285499*j + 12. Give p(0).
12
Let m(h) = 11*h**3 + 22*h**2 + 63*h. Calculate m(-3).
-288
Let o(r) = 19*r - 1165. What is o(62)?
13
Let p(i) = -16*i**3 + 17*i**2 + 48*i - 27. Determine p(-4).
1077
Let h(c) = -911570*c - 3646277. Give h(-4).
3
Let v(n) = -590*n + 78027. Give v(134).
-1033
Let c(b) = -b**2 - 4646*b - 1392292. What is c(-322)?
36
Let n(z) = -86*z + 2623. What is n(38)?
-645
Let i(v) = -1283*v + 13442. Calculate i(13).
-3237
Let h(d) = 6176*d + 6139. What is h(-1)?
-37
Let z(x) = -x**3 + 164*x**2 - 332*x + 1254. What is z(162)?
-42
Let b(m) = 80643*m + 2096723. Calculate b(-26).
5
Let b(l) = -6760*l - 506992. Give b(-75).
8
Let l(q) = 617*q**2 + 4063*q + 6628. What is l(-3)?
-8
Let l(a) = 5*a**3 + 48*a**2 + 77*a - 36. Determine l(-9).
-486
Let o(g) = 40*g**2 + 4937*g + 11725. What is o(-121)?
-12
Let w(j) = 82*j - 1148. Calculate w(11).
-246
Let b(j) = -177031*j + 1416200. Calculate b(8).
-48
Let z(d) = 22019*d + 176178. Determine z(-8).
26
Let w(r) = r**3 + 9*r**2 - 13*r - 72. Determine w(-11).
-171
Let m(x) = -12*x**2 + 67264*x + 404024. What is m(-6)?
8
Let x(o) = 2*o**3 + 36*o**2 + 159*o + 1447. What is x(-19)?
-2296
Let b(h) = 3*h**3 + 770*h**2 + 3524*h - 789. What is b(-252)?
219
Let o(q) = 32*q - 3032. Determine o(107).
392
Let u(g) = g**3 + 198*g**2 + 616*g + 5523. What is u(-195)?
-522
Let a(x) = -x**3 - 48*x**2 - 69*x + 35. Give a(-46).
-1023
Let p(x) = x**3 + 31*x**2 - 4*x + 1026. Calculate p(-32).
130
Let z(t) = 2*t**2 - 260*t - 10174. Give z(-33).
584
Let x(d) = 4522*d + 8765. Determine x(-2).
-279
Let k(n) = n**3 + 11*n**2 + 362*n + 4597. Calculate k(-12).
109
Let o(f) = f**3 - 97*f**2 + 189*f - 284. Calculate o(95).
-379
Let j(r) = -r**3 - 97*r**2 - 1763*r - 37795. Determine j(-81).
32
Let t(y) = 152*y**3 - 283*y**2 + 7*y - 39. Calculate t(2).
59
Let d(y) = 10647*y + 117094. Determine d(-11).
-23
Let o(x) = -4942*x - 1413419. What is o(-286)?
-7
Let p(u) = -u**2 - 32102*u - 224674. Determine p(-7).
-9
Let y(v) = -6*v**3 + 41*v**2 - 16*v - 48. Give y(-4).
1056
Let a(z) = 1491*z**2 + 10458*z + 148. Give a(-7).
1
Let h(n) = 5*n**2 + 129*n + 84. Give h(-13).
-748
Let q(v) = 1655*v - 1730. Determine q(1).
-75
Let x(g) = 161*g + 464. Determine x(5).
1269
Let q(g) = g**3 + 6*g**2 - 990*g + 4670. Determine q(5).
-5
Let u(n) = 470245*n + 5642951. What is u(-12)?
11
Let y(s) = 201224*s - 1207387. What is y(6)?
-43
Let m(o) = 3*o**2 - 580*o - 3575. Give m(-6).
13
Let u(q) = 2*q**3 + 131*q**2 + 267*q + 31355. Calculate u(-67).
-1
Let k(q) = -276*q - 28021. What is k(-102)?
131
Let y(b) = -152*b**2 - 7816*b - 3259. What is y(-51)?
5
Let r(c) = -11*c**2 + 61*c + 468. Calculate r(13).
-598
Let g(p) = 1218*p - 10915. What is g(9)?
47
Let v(c) = -200*c + 2704. What is v(12)?
304
Let p(n) = -1096*n + 6991. Determine p(5).
1511
Let i(q) = q**3 - 824*q**2 - 3579*q + 908049. What is i(827)?
3
Let l(a) = 182*a + 16940. Calculate l(-102).
-1624
Let q(v) = -23*v**2 - 7616*v - 1063. Determine q(-331).
-70
Let t(q) = -q**3 + 141*q**2 + 213*q - 30027. What is t(141)?
6
Let h(k) = -k**2 - 161*k + 22251. Give h(-250).
1
Let b(r) = -2*r**2 + 406*r - 19774. Give b(122).
-10
Let c(h) = h**2 - 452*h - 5561. Determine c(-12).
7
Let x(n) = -2*n**2 + 6150*n + 318748. Determine x(-51).
-104
Let b(p) = 7053*p + 430170. Give b(-61).
-63
Let i(j) = -28*j**2 - 1207*j + 27. Give i(-43).
156
Let z(t) = 2*t**2 + 64128*t + 384702. Give z(-6).
6
Let r(a) = 100*a**2 - 20500*a + 186. What is r(205)?
186
Let h(d) = 9794*d - 106374. Calculate h(11).
1360
Let k(u) = -7667*u + 7513673. Calculate k(980).
13
Let u(a) = -a**3 + 154*a**2 - 537*a - 9447. C